85417?
229, 373
List the prime factors of 648915.
3, 5, 43261
What are the prime factors of 122166?
2, 3, 11, 617
What are the prime factors of 1910008?
2, 271, 881
What are the prime factors of 1452864?
2, 3, 7, 23, 47
List the prime factors of 842903.
317, 2659
List the prime factors of 275926.
2, 7, 19709
What are the prime factors of 2265682?
2, 47, 24103
List the prime factors of 636642.
2, 3, 113, 313
What are the prime factors of 1253228?
2, 313307
What are the prime factors of 2309096?
2, 29, 37, 269
List the prime factors of 2819871.
3, 137, 2287
What are the prime factors of 627414?
2, 3, 53, 1973
What are the prime factors of 10872?
2, 3, 151
What are the prime factors of 4951328?
2, 359, 431
What are the prime factors of 492088?
2, 61511
List the prime factors of 1119407.
59, 18973
What are the prime factors of 17212?
2, 13, 331
What are the prime factors of 12941330?
2, 5, 887, 1459
List the prime factors of 571127.
433, 1319
List the prime factors of 1546604.
2, 386651
What are the prime factors of 1307887?
7, 186841
List the prime factors of 5018245.
5, 59, 17011
List the prime factors of 4238774.
2, 283, 7489
What are the prime factors of 24929?
97, 257
List the prime factors of 22844001.
3, 7614667
What are the prime factors of 1179404?
2, 43, 6857
What are the prime factors of 1086994?
2, 543497
What are the prime factors of 305595?
3, 5, 6791
List the prime factors of 9766639.
97, 107, 941
List the prime factors of 484239.
3, 7, 23059
What are the prime factors of 7743346?
2, 13, 431, 691
What are the prime factors of 69335?
5, 7, 283
What are the prime factors of 239100?
2, 3, 5, 797
List the prime factors of 601752.
2, 3, 25073
List the prime factors of 2402556.
2, 3, 13, 15401
What are the prime factors of 4573079?
7, 131, 4987
What are the prime factors of 3363349?
11, 305759
What are the prime factors of 1046849?
1046849
List the prime factors of 837367.
837367
What are the prime factors of 6719381?
23, 292147
List the prime factors of 515895.
3, 5, 163, 211
What are the prime factors of 2031849?
3, 61, 3701
What are the prime factors of 834543?
3, 10303
What are the prime factors of 1238867?
7, 131, 193
List the prime factors of 1480728.
2, 3, 103, 599
List the prime factors of 969702.
2, 3, 29, 5573
What are the prime factors of 3655262?
2, 13, 140587
What are the prime factors of 135665?
5, 43, 631
What are the prime factors of 196438?
2, 11, 8929
What are the prime factors of 9574418?
2, 7, 683887
What are the prime factors of 42319?
101, 419
List the prime factors of 663638.
2, 331819
List the prime factors of 1226928.
2, 3, 25561
List the prime factors of 1678671.
3, 79, 787
What are the prime factors of 16419726?
2, 3, 304069
What are the prime factors of 78181?
37, 2113
What are the prime factors of 499402?
2, 43, 5807
What are the prime factors of 3477177?
3, 11, 31, 103
What are the prime factors of 293481?
3, 32609
List the prime factors of 125546.
2, 62773
What are the prime factors of 22859064?
2, 3, 105829
List the prime factors of 1238868.
2, 3, 11471
List the prime factors of 4323788.
2, 7, 307, 503
List the prime factors of 11680698.
2, 3, 127, 15329
List the prime factors of 12843969.
3, 4281323
What are the prime factors of 911725?
5, 36469
List the prime factors of 529299.
3, 23, 2557
List the prime factors of 2086737.
3, 127, 5477
What are the prime factors of 97675?
5, 3907
List the prime factors of 69479.
17, 61, 67
What are the prime factors of 25650178?
2, 17, 754417
List the prime factors of 270785.
5, 31, 1747
What are the prime factors of 9490386?
2, 3, 17, 19, 59, 83
What are the prime factors of 17184467?
17, 167, 6053
What are the prime factors of 9322824?
2, 3, 7, 211, 263
List the prime factors of 366210.
2, 3, 5, 13, 313
What are the prime factors of 5825989?
13, 19, 103, 229
List the prime factors of 175391.
175391
List the prime factors of 14291648.
2, 7, 19, 23, 73
List the prime factors of 7179341.
13, 269, 2053
What are the prime factors of 282913?
282913
What are the prime factors of 132526?
2, 23, 43, 67
What are the prime factors of 3890763?
3, 19, 61, 373
List the prime factors of 260585.
5, 13, 19, 211
What are the prime factors of 303607?
73, 4159
List the prime factors of 1523974.
2, 701, 1087
What are the prime factors of 31262481?
3, 3473609
List the prime factors of 14331320.
2, 5, 19, 109, 173
What are the prime factors of 552584?
2, 69073
What are the prime factors of 3685716?
2, 3, 34127
What are the prime factors of 509819?
59, 8641
List the prime factors of 140194.
2, 191, 367
What are the prime factors of 1993383?
3, 7, 53, 199
What are the prime factors of 466157?
17, 1613
What are the prime factors of 371438?
2, 229, 811
What are the prime factors of 152027?
152027
What are the prime factors of 223659?
3, 24851
What are the prime factors of 137911?
137911
What are the prime factors of 1612595?
5, 322519
List the prime factors of 160427.
137, 1171
What are the prime factors of 677857?
677857
What are the prime factors of 2984396?
2, 746099
What are the prime factors of 27534871?
7, 13, 302581
What are the prime factors of 198775?
5, 7951
What are the prime factors of 121361?
157, 773
What are the prime factors of 612648?
2, 3, 67, 127
What are the prime factors of 203814?
2, 3, 13, 67
List the prime factors of 255251.
255251
List the prime factors of 524789.
524789
What are the prime factors of 30847970?
2, 5, 3084797
List the prime factors of 129173.
11, 11743
What are the prime factors of 1202051?
409, 2939
List the prime factors of 18680689.
1031, 18119
What are the prime factors of 5657658?
2, 3, 942943
List the prime factors of 485676.
2, 3, 1499
List the prime factors of 279060.
2, 3, 5, 4651
What are the prime factors of 11654796?
2, 3, 211, 4603
List the prime factors of 10378564.
2, 7, 370663
What are the prime factors of 3801?
3, 7, 181
List the prime factors of 9430898.
2, 109, 43261
What are the prime factors of 6238709?
79, 157, 503
What are the prime factors of 343875?
3, 5, 7, 131
List the prime factors of 488362.
2, 7, 34883
What are the prime factors of 2035791?
3, 226199
What are the prime factors of 1254317?
1254317
What are the prime factors of 132793?
37, 97
What are the prime factors of 51842?
2, 7, 23
List the prime factors of 6994702.
2, 11, 13, 37, 661
List the prime factors of 2420049.
3, 19, 42457
What are the prime factors of 344419?
163, 2113
What are the prime factors of 284990?
2, 5, 28499
List the prime factors of 7834958.
2, 3917479
What are the prime factors of 3598976?
2, 31, 907
List the prime factors of 445901.
23, 19387
What are the prime factors of 156680?
2, 5, 3917
List the prime factors of 594739.
594739
What are the prime factors of 3892949?
17, 31, 83, 89
What are the prime factors of 16551607?
3727, 4441
What are the prime factors of 29210816?
2, 101, 4519
What are the prime factors of 2858083?
659, 4337
List the prime factors of 1692983.
1692983
List the prime factors of 189690.
2, 3, 5, 6323
What are the prime factors of 1976336?
2, 149, 829
What are the prime factors of 1260994?
2, 7, 90071
What are the prime factors of 10871053?
47, 231299
What are the prime factors of 1598332?
2, 399583
List the prime factors of 2178880.
2, 5, 11, 619
List the prime factors of 191929.
191929
What are the prime factors of 1085016?
2, 3, 53, 853
List the prime factors of 6647034.
2, 3, 17, 65167
What are the prime factors of 12505909?
13, 961993
What are the prime factors of 4047075?
3, 5, 17987
What are the prime factors of 344219?
107, 3217
List the prime factors of 3757189.
3757189
List the prime factors of 16181.
11, 1471
List the prime factors of 11127702.
2, 3, 1854617
What are the prime factors of 1693091?
1693091
List the prime factors of 135958.
2, 67979
What are the prime factors of 96436?
2, 24109
What are the prime factors of 101480?
2, 5, 43, 59
What are the prime factors of 22361741?
151, 148091
List the prime factors of 499808.
2, 15619
What are the prime factors of 2665720?
2, 5, 66643
List the prime factors of 79576.
2, 7, 29
List the prime factors of 31993.
13, 23, 107
List the prime factors of 764279.
331, 2309
What are the prime factors of 140003?
191, 733
What are the prime factors of 316794?
2, 3, 37, 1427
W